{"id":22,"date":"2021-08-19T10:56:02","date_gmt":"2021-08-19T10:56:02","guid":{"rendered":"http:\/\/www.cavusogullari.com.tr\/?page_id=22"},"modified":"2021-08-19T10:56:02","modified_gmt":"2021-08-19T10:56:02","slug":"vizyonumuz","status":"publish","type":"page","link":"http:\/\/www.cavusogullari.com.tr\/?page_id=22","title":{"rendered":"Vizyonumuz"},"content":{"rendered":"\n<p>\u00c7avu\u015fo\u011fullar\u0131 A.\u015e. olarak Vizyonumuz;<\/p>\n\n\n\n<p>S\u00fct sekt\u00f6r\u00fcnde do\u011fall\u0131\u011f\u0131 ve g\u00fcvenilirli\u011fi ayn\u0131 \u00e7at\u0131 alt\u0131nda toplayan lider \u015firketler aras\u0131nda yer almak. Do\u011fal co\u011frafyalar\u0131n korunmas\u0131 ve do\u011fru de\u011ferlendirilmesi a\u00e7\u0131s\u0131ndan sekt\u00f6re ilham kayna\u011f\u0131 olacak sorumluluklar \u00fcstlenmektir.<\/p>\n","protected":false},"excerpt":{"rendered":"<p>\u00c7avu\u015fo\u011fullar\u0131 A.\u015e. olarak Vizyonumuz; S\u00fct sekt\u00f6r\u00fcnde do\u011fall\u0131\u011f\u0131 ve g\u00fcvenilirli\u011fi ayn\u0131 \u00e7at\u0131 alt\u0131nda toplayan lider \u015firketler aras\u0131nda yer almak. Do\u011fal co\u011frafyalar\u0131n korunmas\u0131 ve do\u011fru de\u011ferlendirilmesi a\u00e7\u0131s\u0131ndan sekt\u00f6re ilham kayna\u011f\u0131 olacak sorumluluklar \u00fcstlenmektir.<\/p>\n","protected":false},"author":1,"featured_media":0,"parent":0,"menu_order":0,"comment_status":"closed","ping_status":"closed","template":"","meta":{"footnotes":""},"_links":{"self":[{"href":"http:\/\/www.cavusogullari.com.tr\/index.php?rest_route=\/wp\/v2\/pages\/22"}],"collection":[{"href":"http:\/\/www.cavusogullari.com.tr\/index.php?rest_route=\/wp\/v2\/pages"}],"about":[{"href":"http:\/\/www.cavusogullari.com.tr\/index.php?rest_route=\/wp\/v2\/types\/page"}],"author":[{"embeddable":true,"href":"http:\/\/www.cavusogullari.com.tr\/index.php?rest_route=\/wp\/v2\/users\/1"}],"replies":[{"embeddable":true,"href":"http:\/\/www.cavusogullari.com.tr\/index.php?rest_route=%2Fwp%2Fv2%2Fcomments&post=22"}],"version-history":[{"count":1,"href":"http:\/\/www.cavusogullari.com.tr\/index.php?rest_route=\/wp\/v2\/pages\/22\/revisions"}],"predecessor-version":[{"id":23,"href":"http:\/\/www.cavusogullari.com.tr\/index.php?rest_route=\/wp\/v2\/pages\/22\/revisions\/23"}],"wp:attachment":[{"href":"http:\/\/www.cavusogullari.com.tr\/index.php?rest_route=%2Fwp%2Fv2%2Fmedia&parent=22"}],"curies":[{"name":"wp","href":"https:\/\/api.w.org\/{rel}","templated":true}]}}